{"id":424,"date":"2023-02-27T10:45:42","date_gmt":"2023-02-27T09:45:42","guid":{"rendered":"https:\/\/lepolissongourmand.fr\/?page_id=424"},"modified":"2025-10-13T18:14:22","modified_gmt":"2025-10-13T16:14:22","slug":"carte-cafe","status":"publish","type":"page","link":"https:\/\/lepolissongourmand.fr\/index.php\/carte-cafe\/","title":{"rendered":"Carte"},"content":{"rendered":"\n<p><em>Le menu de la formule sal\u00e9e est \u00e0 retrouver sur la page d&rsquo;<a href=\"https:\/\/lepolissongourmand.fr\/\">accueil<\/a><\/em><\/p>\n\n\n\n<div class=\"wp-block-jetpack-tiled-gallery aligncenter is-style-rectangular\"><div class=\"\"><div class=\"tiled-gallery__gallery\"><div class=\"tiled-gallery__row\"><div class=\"tiled-gallery__col\" style=\"flex-basis:50.00000%\"><figure class=\"tiled-gallery__item\"><img decoding=\"async\" srcset=\"https:\/\/i0.wp.com\/lepolissongourmand.fr\/wp-content\/uploads\/2025\/10\/1-1-724x1024.png?strip=info&#038;w=600&#038;ssl=1 600w,https:\/\/i0.wp.com\/lepolissongourmand.fr\/wp-content\/uploads\/2025\/10\/1-1-724x1024.png?strip=info&#038;w=900&#038;ssl=1 900w,https:\/\/i0.wp.com\/lepolissongourmand.fr\/wp-content\/uploads\/2025\/10\/1-1-724x1024.png?strip=info&#038;w=1200&#038;ssl=1 1200w,https:\/\/i0.wp.com\/lepolissongourmand.fr\/wp-content\/uploads\/2025\/10\/1-1-724x1024.png?strip=info&#038;w=1414&#038;ssl=1 1414w\" alt=\"\" data-height=\"2000\" data-id=\"4487\" data-link=\"https:\/\/lepolissongourmand.fr\/index.php\/carte-cafe\/1-4\/\" data-url=\"https:\/\/lepolissongourmand.fr\/wp-content\/uploads\/2025\/10\/1-1-724x1024.png\" data-width=\"1414\" src=\"https:\/\/i0.wp.com\/lepolissongourmand.fr\/wp-content\/uploads\/2025\/10\/1-1-724x1024.png?ssl=1\" data-amp-layout=\"responsive\"\/><\/figure><\/div><div class=\"tiled-gallery__col\" style=\"flex-basis:50.00000%\"><figure class=\"tiled-gallery__item\"><img decoding=\"async\" srcset=\"https:\/\/i0.wp.com\/lepolissongourmand.fr\/wp-content\/uploads\/2025\/10\/2-1-724x1024.png?strip=info&#038;w=600&#038;ssl=1 600w,https:\/\/i0.wp.com\/lepolissongourmand.fr\/wp-content\/uploads\/2025\/10\/2-1-724x1024.png?strip=info&#038;w=900&#038;ssl=1 900w,https:\/\/i0.wp.com\/lepolissongourmand.fr\/wp-content\/uploads\/2025\/10\/2-1-724x1024.png?strip=info&#038;w=1200&#038;ssl=1 1200w,https:\/\/i0.wp.com\/lepolissongourmand.fr\/wp-content\/uploads\/2025\/10\/2-1-724x1024.png?strip=info&#038;w=1414&#038;ssl=1 1414w\" alt=\"\" data-height=\"2000\" data-id=\"4488\" data-link=\"https:\/\/lepolissongourmand.fr\/index.php\/carte-cafe\/2-5\/\" data-url=\"https:\/\/lepolissongourmand.fr\/wp-content\/uploads\/2025\/10\/2-1-724x1024.png\" data-width=\"1414\" src=\"https:\/\/i0.wp.com\/lepolissongourmand.fr\/wp-content\/uploads\/2025\/10\/2-1-724x1024.png?ssl=1\" data-amp-layout=\"responsive\"\/><\/figure><\/div><\/div><\/div><\/div><\/div>\n\n\n\n<h2 class=\"wp-block-heading\"><p class=\"has-text-align-center\">\ud83c\udf82\ud83e\udd67\ud83e\uddc1\ud83c\udf6a\ud83c\udf70<\/p><\/h2>\n\n\n\n<h2 class=\"wp-block-heading\"><p class=\"has-text-align-center\"><strong>Toutes nos gourmandises du moment sont \u00e0 retrouver au comptoir (cake, cookies, fondant chocolat,&#8230;)<\/strong><\/p><\/h2>\n\n\n\n<p class=\"has-text-align-center\"><strong>Vous pouvez nous contacter via le <a href=\"https:\/\/lepolissongourmand.fr\/index.php\/nous-contacter\/\">formulaire de contact<\/a> pour toute commande sp\u00e9ciale ou demande concernant le menu! <\/strong><\/p>\n\n\n\n<h2 class=\"wp-block-heading\"><p class=\"has-text-align-center\">\ud83c\udf82\ud83e\udd67\ud83e\uddc1\ud83c\udf6a\ud83c\udf70<\/p><\/h2>\n\n\n<div class=\"wp-block-image\">\n<figure class=\"aligncenter size-large\"><img data-recalc-dims=\"1\" loading=\"lazy\" decoding=\"async\" width=\"1020\" height=\"680\" src=\"https:\/\/i0.wp.com\/lepolissongourmand.fr\/wp-content\/uploads\/2023\/07\/Aupolissongourmand44.jpg?resize=1020%2C680&#038;ssl=1\" alt=\"\" class=\"wp-image-1115\" srcset=\"https:\/\/i0.wp.com\/lepolissongourmand.fr\/wp-content\/uploads\/2023\/07\/Aupolissongourmand44-scaled.jpg?resize=1024%2C683&amp;ssl=1 1024w, https:\/\/i0.wp.com\/lepolissongourmand.fr\/wp-content\/uploads\/2023\/07\/Aupolissongourmand44-scaled.jpg?resize=300%2C200&amp;ssl=1 300w, https:\/\/i0.wp.com\/lepolissongourmand.fr\/wp-content\/uploads\/2023\/07\/Aupolissongourmand44-scaled.jpg?resize=768%2C512&amp;ssl=1 768w, https:\/\/i0.wp.com\/lepolissongourmand.fr\/wp-content\/uploads\/2023\/07\/Aupolissongourmand44-scaled.jpg?resize=1536%2C1024&amp;ssl=1 1536w, https:\/\/i0.wp.com\/lepolissongourmand.fr\/wp-content\/uploads\/2023\/07\/Aupolissongourmand44-scaled.jpg?resize=2048%2C1365&amp;ssl=1 2048w\" sizes=\"auto, (max-width: 1020px) 100vw, 1020px\" \/><\/figure><\/div>\n\n\n<p><\/p>\n","protected":false},"excerpt":{"rendered":"<div class=\"entry-summary\">\nLe menu de la formule sal\u00e9e est \u00e0 retrouver sur la page&hellip;\n<\/div>\n<div class=\"link-more\"><a href=\"https:\/\/lepolissongourmand.fr\/index.php\/carte-cafe\/\" class=\"more-link\">Continue reading<span class=\"screen-reader-text\"> &ldquo;Carte&rdquo;<\/span>&hellip;<\/a><\/div>\n","protected":false},"author":1,"featured_media":0,"parent":0,"menu_order":0,"comment_status":"closed","ping_status":"closed","template":"page-template\/_fullwidth.php","meta":{"footnotes":""},"class_list":["post-424","page","type-page","status-publish","hentry","entry"],"yoast_head":"<!-- This site is optimized with the Yoast SEO plugin v27.0 - https:\/\/yoast.com\/product\/yoast-seo-wordpress\/ -->\n<title>Carte - Le polisson gourmand<\/title>\n<meta name=\"description\" content=\"Retrouvez notre carte : notre caf\u00e9 est torr\u00e9fi\u00e9 dans les Flandres et le chocolat que nous utilisons est Bio et issu du commerce \u00e9quitable...\" \/>\n<meta name=\"robots\" content=\"index, follow, max-snippet:-1, max-image-preview:large, max-video-preview:-1\" \/>\n<link rel=\"canonical\" href=\"https:\/\/lepolissongourmand.fr\/index.php\/carte-cafe\/\" \/>\n<meta property=\"og:locale\" content=\"fr_FR\" \/>\n<meta property=\"og:type\" content=\"article\" \/>\n<meta property=\"og:title\" content=\"Carte - Le polisson gourmand\" \/>\n<meta property=\"og:description\" content=\"Retrouvez notre carte : notre caf\u00e9 est torr\u00e9fi\u00e9 dans les Flandres et le chocolat que nous utilisons est Bio et issu du commerce \u00e9quitable...\" \/>\n<meta property=\"og:url\" content=\"https:\/\/lepolissongourmand.fr\/index.php\/carte-cafe\/\" \/>\n<meta property=\"og:site_name\" content=\"Le polisson gourmand\" \/>\n<meta property=\"article:publisher\" content=\"https:\/\/www.facebook.com\/Le-Polisson-Gourmand-104332095364932\/\" \/>\n<meta property=\"article:modified_time\" content=\"2025-10-13T16:14:22+00:00\" \/>\n<meta property=\"og:image\" content=\"https:\/\/i0.wp.com\/lepolissongourmand.fr\/wp-content\/uploads\/2025\/10\/1-1-724x1024.png?ssl=1\" \/>\n<meta name=\"twitter:card\" content=\"summary_large_image\" \/>\n<script type=\"application\/ld+json\" class=\"yoast-schema-graph\">{\"@context\":\"https:\/\/schema.org\",\"@graph\":[{\"@type\":\"WebPage\",\"@id\":\"https:\/\/lepolissongourmand.fr\/index.php\/carte-cafe\/\",\"url\":\"https:\/\/lepolissongourmand.fr\/index.php\/carte-cafe\/\",\"name\":\"Carte - Le polisson gourmand\",\"isPartOf\":{\"@id\":\"https:\/\/lepolissongourmand.fr\/#website\"},\"primaryImageOfPage\":{\"@id\":\"https:\/\/lepolissongourmand.fr\/index.php\/carte-cafe\/#primaryimage\"},\"image\":{\"@id\":\"https:\/\/lepolissongourmand.fr\/index.php\/carte-cafe\/#primaryimage\"},\"thumbnailUrl\":\"https:\/\/i0.wp.com\/lepolissongourmand.fr\/wp-content\/uploads\/2025\/10\/1-1-724x1024.png?ssl=1\",\"datePublished\":\"2023-02-27T09:45:42+00:00\",\"dateModified\":\"2025-10-13T16:14:22+00:00\",\"description\":\"Retrouvez notre carte : notre caf\u00e9 est torr\u00e9fi\u00e9 dans les Flandres et le chocolat que nous utilisons est Bio et issu du commerce \u00e9quitable...\",\"breadcrumb\":{\"@id\":\"https:\/\/lepolissongourmand.fr\/index.php\/carte-cafe\/#breadcrumb\"},\"inLanguage\":\"fr-FR\",\"potentialAction\":[{\"@type\":\"ReadAction\",\"target\":[\"https:\/\/lepolissongourmand.fr\/index.php\/carte-cafe\/\"]}]},{\"@type\":\"ImageObject\",\"inLanguage\":\"fr-FR\",\"@id\":\"https:\/\/lepolissongourmand.fr\/index.php\/carte-cafe\/#primaryimage\",\"url\":\"https:\/\/i0.wp.com\/lepolissongourmand.fr\/wp-content\/uploads\/2025\/10\/1-1-724x1024.png?ssl=1\",\"contentUrl\":\"https:\/\/i0.wp.com\/lepolissongourmand.fr\/wp-content\/uploads\/2025\/10\/1-1-724x1024.png?ssl=1\"},{\"@type\":\"BreadcrumbList\",\"@id\":\"https:\/\/lepolissongourmand.fr\/index.php\/carte-cafe\/#breadcrumb\",\"itemListElement\":[{\"@type\":\"ListItem\",\"position\":1,\"name\":\"Accueil\",\"item\":\"https:\/\/lepolissongourmand.fr\/\"},{\"@type\":\"ListItem\",\"position\":2,\"name\":\"Carte\"}]},{\"@type\":\"WebSite\",\"@id\":\"https:\/\/lepolissongourmand.fr\/#website\",\"url\":\"https:\/\/lepolissongourmand.fr\/\",\"name\":\"Le polisson gourmand\",\"description\":\"\",\"publisher\":{\"@id\":\"https:\/\/lepolissongourmand.fr\/#organization\"},\"potentialAction\":[{\"@type\":\"SearchAction\",\"target\":{\"@type\":\"EntryPoint\",\"urlTemplate\":\"https:\/\/lepolissongourmand.fr\/?s={search_term_string}\"},\"query-input\":{\"@type\":\"PropertyValueSpecification\",\"valueRequired\":true,\"valueName\":\"search_term_string\"}}],\"inLanguage\":\"fr-FR\"},{\"@type\":\"Organization\",\"@id\":\"https:\/\/lepolissongourmand.fr\/#organization\",\"name\":\"LE POLISSON GOURMAND\",\"url\":\"https:\/\/lepolissongourmand.fr\/\",\"logo\":{\"@type\":\"ImageObject\",\"inLanguage\":\"fr-FR\",\"@id\":\"https:\/\/lepolissongourmand.fr\/#\/schema\/logo\/image\/\",\"url\":\"http:\/\/cvryvlb.cluster029.hosting.ovh.net\/wp-content\/uploads\/2022\/05\/Sans-titre-1-1024x1024.png\",\"contentUrl\":\"http:\/\/cvryvlb.cluster029.hosting.ovh.net\/wp-content\/uploads\/2022\/05\/Sans-titre-1-1024x1024.png\",\"width\":1024,\"height\":1024,\"caption\":\"LE POLISSON GOURMAND\"},\"image\":{\"@id\":\"https:\/\/lepolissongourmand.fr\/#\/schema\/logo\/image\/\"},\"sameAs\":[\"https:\/\/www.facebook.com\/Le-Polisson-Gourmand-104332095364932\/\",\"https:\/\/www.instagram.com\/lepolissongourmand\/?hl=fr\"]}]}<\/script>\n<!-- \/ Yoast SEO plugin. -->","yoast_head_json":{"title":"Carte - Le polisson gourmand","description":"Retrouvez notre carte : notre caf\u00e9 est torr\u00e9fi\u00e9 dans les Flandres et le chocolat que nous utilisons est Bio et issu du commerce \u00e9quitable...","robots":{"index":"index","follow":"follow","max-snippet":"max-snippet:-1","max-image-preview":"max-image-preview:large","max-video-preview":"max-video-preview:-1"},"canonical":"https:\/\/lepolissongourmand.fr\/index.php\/carte-cafe\/","og_locale":"fr_FR","og_type":"article","og_title":"Carte - Le polisson gourmand","og_description":"Retrouvez notre carte : notre caf\u00e9 est torr\u00e9fi\u00e9 dans les Flandres et le chocolat que nous utilisons est Bio et issu du commerce \u00e9quitable...","og_url":"https:\/\/lepolissongourmand.fr\/index.php\/carte-cafe\/","og_site_name":"Le polisson gourmand","article_publisher":"https:\/\/www.facebook.com\/Le-Polisson-Gourmand-104332095364932\/","article_modified_time":"2025-10-13T16:14:22+00:00","og_image":[{"url":"https:\/\/i0.wp.com\/lepolissongourmand.fr\/wp-content\/uploads\/2025\/10\/1-1-724x1024.png?ssl=1","type":"","width":"","height":""}],"twitter_card":"summary_large_image","schema":{"@context":"https:\/\/schema.org","@graph":[{"@type":"WebPage","@id":"https:\/\/lepolissongourmand.fr\/index.php\/carte-cafe\/","url":"https:\/\/lepolissongourmand.fr\/index.php\/carte-cafe\/","name":"Carte - Le polisson gourmand","isPartOf":{"@id":"https:\/\/lepolissongourmand.fr\/#website"},"primaryImageOfPage":{"@id":"https:\/\/lepolissongourmand.fr\/index.php\/carte-cafe\/#primaryimage"},"image":{"@id":"https:\/\/lepolissongourmand.fr\/index.php\/carte-cafe\/#primaryimage"},"thumbnailUrl":"https:\/\/i0.wp.com\/lepolissongourmand.fr\/wp-content\/uploads\/2025\/10\/1-1-724x1024.png?ssl=1","datePublished":"2023-02-27T09:45:42+00:00","dateModified":"2025-10-13T16:14:22+00:00","description":"Retrouvez notre carte : notre caf\u00e9 est torr\u00e9fi\u00e9 dans les Flandres et le chocolat que nous utilisons est Bio et issu du commerce \u00e9quitable...","breadcrumb":{"@id":"https:\/\/lepolissongourmand.fr\/index.php\/carte-cafe\/#breadcrumb"},"inLanguage":"fr-FR","potentialAction":[{"@type":"ReadAction","target":["https:\/\/lepolissongourmand.fr\/index.php\/carte-cafe\/"]}]},{"@type":"ImageObject","inLanguage":"fr-FR","@id":"https:\/\/lepolissongourmand.fr\/index.php\/carte-cafe\/#primaryimage","url":"https:\/\/i0.wp.com\/lepolissongourmand.fr\/wp-content\/uploads\/2025\/10\/1-1-724x1024.png?ssl=1","contentUrl":"https:\/\/i0.wp.com\/lepolissongourmand.fr\/wp-content\/uploads\/2025\/10\/1-1-724x1024.png?ssl=1"},{"@type":"BreadcrumbList","@id":"https:\/\/lepolissongourmand.fr\/index.php\/carte-cafe\/#breadcrumb","itemListElement":[{"@type":"ListItem","position":1,"name":"Accueil","item":"https:\/\/lepolissongourmand.fr\/"},{"@type":"ListItem","position":2,"name":"Carte"}]},{"@type":"WebSite","@id":"https:\/\/lepolissongourmand.fr\/#website","url":"https:\/\/lepolissongourmand.fr\/","name":"Le polisson gourmand","description":"","publisher":{"@id":"https:\/\/lepolissongourmand.fr\/#organization"},"potentialAction":[{"@type":"SearchAction","target":{"@type":"EntryPoint","urlTemplate":"https:\/\/lepolissongourmand.fr\/?s={search_term_string}"},"query-input":{"@type":"PropertyValueSpecification","valueRequired":true,"valueName":"search_term_string"}}],"inLanguage":"fr-FR"},{"@type":"Organization","@id":"https:\/\/lepolissongourmand.fr\/#organization","name":"LE POLISSON GOURMAND","url":"https:\/\/lepolissongourmand.fr\/","logo":{"@type":"ImageObject","inLanguage":"fr-FR","@id":"https:\/\/lepolissongourmand.fr\/#\/schema\/logo\/image\/","url":"http:\/\/cvryvlb.cluster029.hosting.ovh.net\/wp-content\/uploads\/2022\/05\/Sans-titre-1-1024x1024.png","contentUrl":"http:\/\/cvryvlb.cluster029.hosting.ovh.net\/wp-content\/uploads\/2022\/05\/Sans-titre-1-1024x1024.png","width":1024,"height":1024,"caption":"LE POLISSON GOURMAND"},"image":{"@id":"https:\/\/lepolissongourmand.fr\/#\/schema\/logo\/image\/"},"sameAs":["https:\/\/www.facebook.com\/Le-Polisson-Gourmand-104332095364932\/","https:\/\/www.instagram.com\/lepolissongourmand\/?hl=fr"]}]}},"jetpack_sharing_enabled":true,"_links":{"self":[{"href":"https:\/\/lepolissongourmand.fr\/index.php\/wp-json\/wp\/v2\/pages\/424","targetHints":{"allow":["GET"]}}],"collection":[{"href":"https:\/\/lepolissongourmand.fr\/index.php\/wp-json\/wp\/v2\/pages"}],"about":[{"href":"https:\/\/lepolissongourmand.fr\/index.php\/wp-json\/wp\/v2\/types\/page"}],"author":[{"embeddable":true,"href":"https:\/\/lepolissongourmand.fr\/index.php\/wp-json\/wp\/v2\/users\/1"}],"replies":[{"embeddable":true,"href":"https:\/\/lepolissongourmand.fr\/index.php\/wp-json\/wp\/v2\/comments?post=424"}],"version-history":[{"count":160,"href":"https:\/\/lepolissongourmand.fr\/index.php\/wp-json\/wp\/v2\/pages\/424\/revisions"}],"predecessor-version":[{"id":4489,"href":"https:\/\/lepolissongourmand.fr\/index.php\/wp-json\/wp\/v2\/pages\/424\/revisions\/4489"}],"wp:attachment":[{"href":"https:\/\/lepolissongourmand.fr\/index.php\/wp-json\/wp\/v2\/media?parent=424"}],"curies":[{"name":"wp","href":"https:\/\/api.w.org\/{rel}","templated":true}]}}